is -2221 - 21?
-10012
In base 9, what is 361 + -12?
348
In base 5, what is 4 + -103220?
-103211
In base 10, what is 796 + -5?
791
In base 4, what is 33 - 1?
32
In base 14, what is -170 - -5?
-169
In base 5, what is -3142 - -4?
-3133
In base 14, what is -5c0 - -1?
-5bd
In base 7, what is -135 - -334?
166
In base 2, what is -1101 + 1000011?
110110
In base 3, what is 1221220 + 1?
1221221
In base 3, what is -20221 + -1020?
-22011
In base 2, what is -11010001 + 11?
-11001110
In base 8, what is 34107 + -1?
34106
In base 8, what is 767 + -3?
764
In base 2, what is -1011 + 0?
-1011
In base 13, what is -c2 - 1?
-c3
In base 11, what is 6316 - 0?
6316
In base 4, what is 3 - -21300?
21303
In base 6, what is 0 - -4015?
4015
In base 10, what is 3 + 16?
19
In base 14, what is 21b + -6?
215
In base 11, what is 22 - -11?
33
In base 16, what is 8bd + 1?
8be
In base 6, what is -2 + -53?
-55
In base 8, what is 30 - -14?
44
In base 15, what is 22 + -2?
20
In base 4, what is 311 + 2?
313
In base 7, what is 5 + -1616?
-1611
In base 6, what is -1050 - 2?
-1052
In base 6, what is 10522 + 4?
10530
In base 14, what is 6 + -127?
-121
In base 13, what is 5 - -50?
55
In base 5, what is -31 - -1403?
1322
In base 2, what is -1 + -11000?
-11001
In base 7, what is 1063 + 4?
1100
In base 11, what is -1 - -63?
62
In base 2, what is -10 + -1011011?
-1011101
In base 3, what is -11111200 - 0?
-11111200
In base 11, what is 2 - -293?
295
In base 2, what is -10111000 + -100111?
-11011111
In base 15, what is -1ec - -4?
-1e8
In base 15, what is 7 - -14?
1b
In base 12, what is -15 - 14a?
-163
In base 14, what is c - -4?
12
In base 8, what is -11 - 6?
-17
In base 9, what is 20 - 53?
-33
In base 7, what is -1 - -435?
434
In base 14, what is -9 + -98?
-a3
In base 5, what is -3 + -3?
-11
In base 9, what is 2 + -57?
-55
In base 3, what is 21 + 10?
101
In base 15, what is 29 - 7e?
-55
In base 6, what is 1225 - 2?
1223
In base 15, what is -e + 37?
28
In base 5, what is 3224 - 0?
3224
In base 16, what is -5 + -378?
-37d
In base 11, what is 1 + -39?
-38
In base 5, what is -4421 + 4?
-4412
In base 4, what is 3 - -223?
232
In base 6, what is -13 + 4?
-5
In base 5, what is 1 - 32421?
-32420
In base 16, what is -62 - 5?
-67
In base 3, what is 0 - -12101?
12101
In base 11, what is 22 - 8?
15
In base 9, what is -212 - 0?
-212
In base 10, what is -145 + 3?
-142
In base 5, what is -42 - 4?
-101
In base 13, what is -13 + -13?
-26
In base 12, what is 0 - 2ba?
-2ba
In base 14, what is b1 + -56?
59
In base 8, what is -14 + 63?
47
In base 2, what is -100 - 100101?
-101001
In base 15, what is 274 + -1?
273
In base 11, what is 60 + -a7?
-47
In base 7, what is 101 + -25?
43
In base 5, what is -3310 + -34?
-3344
In base 8, what is -111 + 15?
-74
In base 11, what is -85 + -34?
-109
In base 14, what is 0 - -185?
185
In base 7, what is 214 + -5?
206
In base 6, what is 302 + 12?
314
In base 10, what is -96 + -1?
-97
In base 13, what is c6 + -5?
c1
In base 6, what is 331 - 1?
330
In base 15, what is -3 - 37?
-3a
In base 6, what is -41 + 21?
-20
In base 7, what is 0 + -103?
-103
In base 15, what is 150 - -3?
153
In base 2, what is -1 - 11111011111?
-11111100000
In base 10, what is -35 + 515?
480
In base 10, what is -200 + 0?
-200
In base 7, what is -12320 + 2?
-12315
In base 6, what is 35 + 433?
512
In base 14, what is -36 + -a?
-42
In base 12, what is 4 + -a5?
-a1
In base 7, what is 1 + -4050?
-4046
In base 16, what is 5 - -836?
83b
In base 4, what is 2 + 113?
121
In base 5, what is -4 + -340?
-344
In base 4, what is -3 - 123?
-132
In base 6, what is 4 - -53?
101
In base 11, what is -1 - -29?
28
In base 3, what is -2200 - -2?
-2121
In base 10, what is 721 - -4?
725
In base 10, what is -53 - -14?
-39
In base 10, what is 9 + 167?
176
In base 5, what is -10 + 12131?
12121
In base 8, what is 370 - 36?
332
In base 10, what is 20 + 7?
27
In base 11, what is -168 + -2?
-16a
In base 12, what is -4 - -5?
1
In base 6, what is -402 + 5?
-353
In base 13, what is -a82 - 3?
-a85
In base 12, what is -4 + -32?
-36
In base 16, what is 5 - -24?
29
In base 16, what is 0 + -15?
-15
In base 15, what is 1 - -159c?
159d
In base 8, what is -147 + -4?
-153
In base 5, what is 2210 - 3?
2202
In base 10, what is -12 - -264?
252
In base 10, what is 7 - 5?
2
In base 13, what is 16 + -45?
-2c
In base 6, what is -43113 + -1?
-43114
In base 10, what is -15 - -134?
119
In base 10, what is -4 + 14?
10
In base 10, what is 3 + 91?
94
In base 12, what is -176 + -4?
-17a
In base 10, what is -248 - 1?
-249
In base 8, what is -164 + 0?
-164
In base 3, what is 2210211 + -11?
2210200
In base 2, what is -110000011 + -111?
-110001010
In base 11, what is 1 + 155?
156
In base 11, what is -3506 + -4?
-350a
In base 2, what is 1 - -1010010?
1010011
In base 8, what is -126 + 11?
-115
In base 10, what is 2 - 848?
-846
In base 16, what is 1b - 25?
-a
In base 12, what is -3180 + -3?
-3183
In base 9, what is 75112 + 5?
75117
In base 2, what is -100110010 - 11?
-100110101
In base 15, what is 11 + 7?
18
In base 10, what is -3020 - 7?
-3027
In base 10, what is 4 + -2034?
-2030
In base 14, what is -9bc - -2?
-9ba
In base 10, what is -3 + 92?
89
In base 12, what is -6 + -3a?
-44
In base 5, what is 22 - -3?
30
In base 15, what is 31 - 4?
2c
In base 2, what is 1000 - 10110?
-1110
In base 10, what is 1 - 7?
-6
In base 6, what is -3 + 323?
320
In base 2, what is 101 - -101?
1010
In base 6, what is -50 + 122?
32
In base 2, what is 1 + 1101101?
1101110
In base 13, what is -31 - 118?
-149
In base 11, what is 33 + -9?
25
In base 9, what is 0 + -637?
-637
In base 11, what is 2 - 46?
-44
In base 11, what is -3 - 119?
-121
In base 11, what is 8 - 10?
-3
In base 10, what is -5 - 52?
-57
In base 11, what is 0 + -1a6?
-1a6
In base 7, what is -1314 - -22?
-1262
In base 14, what is -183 + -5?
-188
In base 8, what is -170 - -4?
-164
In base 6, what is -3 - 3?
-10
In base 14, what is -d1 - 1?
-d2
In base 12, what is -1b14 - 4?
-1b18
In base 15, what is 5 + -61?
-5b
In base 15, what is -1 + -29?
-2a
In base 7, what is 600 - -2?
602
In base 9, what is 30 - -2?
32
In base 4, what is 11 + 120222?
120233
In base 11, what is 3337 + 4?
3340
In base 13, what is -4 - -11c?
118
In base 14, what is -5 - 286?
-28b
In base 7, what is 2 + 530?
532
In base 14, what is -1 + -543?
-544
In base 4, what is 12 - -211301?
211313
In base 5, what is -1241 + 101?
-1140
In base 12, what is -3 + a0?
99
In base 14, what is -1d - -14?
-9
In base 2, what is -10101011 + 0?
-10101011
In base 9, what is -7 - 13?
-21
In base 10, what is -16 + -54?
-70
In base 11, what is -7 - -4?
-3
In base 4, what is -313 - 1?
-320
In base 3, what is -2020 - -210010?
200220
In base 6, what is 44 - -12?
100
In base 9, what is 33 - -4?
37
In base 11, what is -805 - 4?
-809
In base 15, what is -14 - 2?
-16
In base 5, what is -3 + 123442?
123434
In base 10, what is 5 - -121?
126
In base 4, what is -1311 - -11?
-1300
In base 4, what is -11 + 301?
230
In base 11, what is 9 + -362?
-354
In base 13, what is 5055 + 2?
5057
In base 15, what is 0 + 5cd?
5cd
In base 14, what is 5 - -1c3?
1c8
In base 16, what is -31 - e?
-3f
In base 14, what is 4 + 30a?
310
In base 3, what is -220 + 212?
-1
In base 11, what is 5 - -504?
509
In base 12, what is 3 - -192?
195
In base 5, what is -22 - -3142?
3120
In base 12, what is 42 - 1a?
24
In base 10, what is -13 + -6?
-19
In base 3, what is 100220212 - 2?
100220210
In base 3, what is 112 - -10?
122
In base 2, what is -10100010111 - 11?
-10100011010
In base 10, what is 22 - 1262?
-1240
In base 16, what is 6 + 8?
e
In base 5, what is -4 - -22012?
22003
In base 9, what is 1 - -1738?
1740
In base 3, what is 1001 + 121?
1122
In base 9, what is -4188 + -2?
-4201
In base 5, what is -10 - -1243?
1233
In base 5, what is -31 + -24443?
-30024
In base 2, what is 10 - -111101110?
111110000
In base 12, what is -2 + 165?
163
In base 14, what is d5 + -5?
d0
In base 11, what is -17 - -1?
-16
In base 8, what is -11 + -45?
-56
In base 7, what is 11622 + 1?
11623
In base 2, what is -1111 - 111?
-10110
In base 10, what is 20619 - -4?
20623
In base 12, what is a6 - -1?
a7
In base 6, what is -52 + -350?
-442
In base 10, what is -2 - -7?
5
In base 3, what is 12 - -202222?
210011
In base 12, what is 1003 - 5?
bba
In base 15, what is -6b3 